 -545423 (base 6) in base 2?
-1011000011110111
2b07be (base 15) to base 3
10220112121222
11007101 (base 8) to base 9
4401314
What is 62676221 (base 8) in base 16?
cb7c91
-24310223 (base 5) to base 13
-801c0
-303400 (base 7) to base 11
-35891
What is 506311 (base 7) in base 3?
11101022101
What is -2153531 (base 6) in base 10?
-108415
What is 11110120102101 (base 3) in base 12?
96546a
What is -81c2 (base 16) in base 3?
-1200120022
Convert -3330736 (base 10) to base 2.
-1100101101001010110000
Convert 203b1 (base 15) to base 7.
603433
240104314 (base 5) to base 16
10bef3
Convert -2403721 (base 10) to base 12.
-97b061
-738534 (base 9) to base 13
-124c4b
What is -224570 (base 9) in base 16?
-20dcc
-312252 (base 6) to base 4
-12021020
What is 3a0984 (base 11) in base 4?
2121333120
What is -1043846 (base 9) in base 4?
-2020312302
Convert -2401120 (base 5) to base 10.
-43910
Convert -544206 (base 13) to base 9.
-3646743
-211121321 (base 4) to base 8
-453171
22002460 (base 8) to base 14
8ac132
Convert -32123130 (base 4) to base 16.
-e6dc
fa06 (base 16) to base 5
4022011
252224 (base 6) to base 15
6a37
What is 1404003 (base 9) in base 10?
770556
What is -e204 (base 16) in base 9?
-87328
304310040 (base 6) to base 12
1912320
-1b51352 (base 14) to base 12
-469a190
-775443 (base 8) to base 2
-111111101100100011
Convert 210012012011 (base 3) to base 14.
ac02b
4785a3 (base 11) to base 5
143224212
Convert 1001211001020 (base 3) to base 4.
2022132123
23351543 (base 6) to base 8
2621727
What is -151521022 (base 6) in base 8?
-14052646
762484 (base 10) to base 12
309304
Convert 1010010001011110110 (base 2) to base 12.
142986
Convert -3cd9a (base 15) to base 14.
-51325
104452430 (base 6) to base 11
10908aa
What is -3ae703 (base 15) in base 2?
-1010110011101100110011
-3fb3e (base 16) to base 9
-436827
100101101100000011 (base 2) to base 7
1212030
-12234514 (base 6) to base 11
-249908
What is -41990 (base 10) in base 3?
-2010121012
-2011465 (base 10) to base 4
-13223011021
What is -27157838 (base 9) in base 6?
-1154505225
What is -1337502 (base 9) in base 12?
-2b4785
Convert 24822 (base 16) to base 11.
a2394
Convert -244515 (base 7) to base 2.
-1010111100101111
Convert -46748 (base 14) to base 16.
-29e2c
Convert -18636b (base 12) to base 4.
-1213322003
Convert -1110234443 (base 5) to base 7.
-26442236
Convert 314877 (base 13) to base 9.
2146153
What is -92bc (base 14) in base 16?
-62a6
175d3c (base 15) to base 6
40144103
What is 118946 (base 10) in base 7?
1003532
15116516 (base 8) to base 6
201523342
-78024 (base 11) to base 4
-123220021
What is a9c93 (base 15) in base 16?
83b47
-14446614 (base 7) to base 10
-1373334
What is -202142010 (base 5) in base 8?
-3076314
What is -1010111010100010111001 (base 2) in base 10?
-2861241
-12219 (base 12) to base 15
-73d6
What is -352c88 (base 16) in base 6?
-202405212
-25523203 (base 6) to base 2
-11001011111100010011
Convert -24402134 (base 5) to base 6.
-4543544
Convert -69b982 (base 12) to base 10.
-1700018
-e643c (base 15) to base 10
-729957
What is -1b258 (base 16) in base 3?
-12122112020
Convert -2574263 (base 9) to base 6.
-50054433
Convert 201210210202 (base 3) to base 5.
44433443
-3028c4 (base 16) to base 13
-86676b
3653231 (base 7) to base 2
1110001111111111111
What is -1343908 (base 10) in base 7?
-14265046
What is -1c8c57 (base 16) in base 11?
-1068730
Convert 14035152 (base 7) to base 5.
313200033
Convert -1e9a7 (base 16) to base 13.
-45095
Convert 7daa6 (base 14) to base 9.
516626
334329 (base 15) to base 2
1001010100101110110110
What is 1001010000010011101011 (base 2) in base 4?
21100103223
Convert -14419d (base 16) to base 15.
-1b3512
Convert -2752a (base 14) to base 10.
-97058
Convert 46ba6c (base 13) to base 2.
110011010110000110101
-c4b7b (base 13) to base 16
-564c9
Convert -1130210223 (base 4) to base 11.
-239979
Convert -85b54 (base 12) to base 3.
-22221200001
Convert -5261365 (base 8) to base 6.
-50012501
What is -11023334 (base 5) in base 14?
-26b13
Convert 1240640 (base 7) to base 9.
265088
5535f (base 16) to base 10
349023
1103340443 (base 5) to base 11
13a1143
300120123 (base 4) to base 8
603033
-125255525 (base 6) to base 9
-4623868
Convert -177933 (base 10) to base 14.
-48bb7
Convert -73f0 (base 16) to base 14.
-ab60
Convert 421626 (base 8) to base 11.
96359
Convert 29355 (base 11) to base 8.
121324
What is -3204041 (base 5) in base 15?
-10d66
Convert 102e3 (base 15) to base 6.
1033240
Convert 166372 (base 16) to base 2.
101100110001101110010
What is 1b18795 (base 12) in base 3?
101211120121112
What is 1222541 (base 6) in base 9?
108677
dd7a1 (base 14) to base 11
337172
-c9b3 (base 14) to base 2
-1000100000100001
-b81ce (base 16) to base 14
-158b82
What is -147796 (base 11) in base 16?
-381fc
1000246 (base 7) to base 13
417c1
What is -8a099 (base 14) in base 15?
-6936d
What is -c6677 (base 14) in base 4?
-1310320101
-3840 (base 9) to base 4
-230313
What is -259ac3 (base 16) in base 3?
-11122012120222
Convert 43234323 (base 5) to base 16.
59dd8
Convert -83845 (base 10) to base 6.
-1444101
Convert 33221223 (base 5) to base 13.
a1690
229557 (base 14) to base 13
3233a4
-10554002 (base 7) to base 15
-132d22
Convert 1673743 (base 9) to base 11.
589085
What is -100110000010010100000010 (base 2) in base 5?
-10023032241
Convert 1976041 (base 10) to base 3.
10201101121201
-159852 (base 13) to base 6
-15250110
Convert -262126 (base 10) to base 16.
-3ffee
-11100111010000000 (base 2) to base 13
-41b79
What is 10000110011011000100 (base 2) in base 10?
550596
Convert 852351 (base 13) to base 15.
418d46
What is -654200 (base 8) in base 16?
-35880
Convert -1362c (base 16) to base 6.
-1411340
Convert 112110111201 (base 3) to base 7.
2263654
69280 (base 12) to base 11
964a3
What is -10111022021 (base 3) in base 2?
-10000110010001101
What is 101000202022 (base 3) in base 2?
110000001100000010
What is 2944 (base 10) in base 13?
1456
Convert -10000100010110001100 (base 2) to base 14.
-1017ac
What is -303973 (base 12) in base 2?
-10110111110110100111
1025d3 (base 15) to base 7
6344313
What is 7e7e7 (base 15) in base 6?
12351401
Convert -23421401 (base 5) to base 7.
-1562643
What is 97045 (base 11) in base 7?
1125321
53488d (base 15) to base 3
21110101211121
Convert -3424144312 (base 5) to base 15.
-a10adc
945136 (base 13) to base 16
34e748
What is 133113301 (base 7) in base 5?
4200440022
What is 11113212033 (base 4) in base 5?
330014000
Convert 65531152 (base 7) to base 2.
10101011100010110110010
What is 2431001 (base 7) in base 11?
1a1a65
What is -4b174 (base 14) in base 3?
-100100121020
a134 (base 16) to base 14
1107a
-13444141 (base 6) to base 4
-1233212131
Convert 139170 (base 10) to base 3.
21001220110
Convert 10100110101110100011110 (base 2) to base 11.
30a1750
What is -9e76 (base 16) in base 7?
-226161
What is -4b5886 (base 12) in base 9?
-2278713
Convert 117085 (base 9) to base 7.
413246
Convert -31165535 (base 8) to base 15.
-8a99d8
Convert 100000110010100111 (base 2) to base 9.
224214
Convert -39c39 (base 16) to base 9.
-400500
5010054 (base 6) to base 7
1664665
What is 21048 (base 15) in base 3?
12022121112
What is 23505565 (base 7) in base 13?
580684
What is -2410344213 (base 5) in base 4?
-111031100030
Convert 170593 (base 11) to base 13.
93377
Convert 51125 (base 10) to base 9.
77115
-1489d0 (base 14) to base 4
-2232221322
What is -242432 (base 8) in base 11?
-57590
Convert -244132012 (base 5) to base 4.
-10123210203
Convert 121511101 (base 6) to base 11.
1349a97
Convert 4340140 (base 5) to base 11.
50a05
What is -1319231 (base 10) in base 16?
-14213f
Convert -4443324 (base 5) to base 16.
-1308c
Convert -9419875 (base 10) to base 4.
-203323301203
Convert 213731a (base 11) to base 8.
16253345
What is -1100102122202 (base 3) in base 6?
-23211502
Convert 1221001221002 (base 3) to base 13.
29b682
What is -103041 (base 8) in base 13?
-12824
What is -84d98 (base 16) in base 4?
-2010312120
Convert 407aaa (base 12) to base 2.
11110110010101100010
What is -130452321 (base 7) in base 5?
-4112044021
-28151 (base 13) to base 9
-123708
Convert -259208 (base 11) to base 14.
-a873a
Convert -24304124 (base 5) to base 14.
-5d492
Convert 1350560 (base 7) to base 13.
64130
Convert -14430204 (base 5) to base 10.
-155054
Con